{"id":818,"date":"2018-10-02T08:42:19","date_gmt":"2018-10-02T05:42:19","guid":{"rendered":"http:\/\/cover.fi\/?page_id=818"},"modified":"2019-07-05T09:40:44","modified_gmt":"2019-07-05T06:40:44","slug":"systeme-de-garde-corps","status":"publish","type":"page","link":"https:\/\/www.coverlasitus.fi\/fr\/produits\/systeme-de-garde-corps\/","title":{"rendered":"Syst\u00e8me de garde-corps"},"content":{"rendered":"<div class=\"wpb-content-wrapper\">[mk_page_section bg_image=\u00a0\u00bbhttps:\/\/cover.fi\/wp-content\/uploads\/2018\/07\/cover_kuva_03.jpg\u00a0\u00bb bg_position=\u00a0\u00bbcenter center\u00a0\u00bb bg_repeat=\u00a0\u00bbno-repeat\u00a0\u00bb bg_stretch=\u00a0\u00bbtrue\u00a0\u00bb enable_3d=\u00a0\u00bbtrue\u00a0\u00bb min_height=\u00a0\u00bb450&Prime; full_width=\u00a0\u00bbtrue\u00a0\u00bb padding_top=\u00a0\u00bb0&Prime; padding_bottom=\u00a0\u00bb40&Prime; sidebar=\u00a0\u00bbsidebar-1&Prime;][vc_column][\/vc_column][\/mk_page_section][vc_row][vc_column width=\u00a0\u00bb1\/6&Prime;][\/vc_column][vc_column width=\u00a0\u00bb2\/3&Prime;][mk_padding_divider][vc_column_text css=\u00a0\u00bb.vc_custom_1538458907121{margin-bottom: 0px !important;}\u00a0\u00bb]\n<h1 style=\"text-align: center;\">Syst\u00e8me de garde-corps<\/h1>\n<h3 style=\"text-align: center;\">L\u2019\u00e9l\u00e9gant syst\u00e8me de garde-corps en aluminium COVER apporte de la s\u00e9curit\u00e9 aux balcons et terrasses. Tout en offrant un design moderne le syst\u00e8me n\u2019alt\u00e8re ni l\u2019aspect de la fa\u00e7ade ni du paysage.<\/h3>\n[\/vc_column_text][mk_padding_divider][\/vc_column][vc_column width=\u00a0\u00bb1\/6&Prime;][\/vc_column][\/vc_row][vc_row equal_columns=\u00a0\u00bbtrue\u00a0\u00bb attached=\u00a0\u00bbtrue\u00a0\u00bb css=\u00a0\u00bb.vc_custom_1530091442087{margin-bottom: 0px !important;border-bottom-width: 0px !important;padding-bottom: 0px !important;}\u00a0\u00bb el_class=\u00a0\u00bbrivi\u00a0\u00bb][vc_column width=\u00a0\u00bb1\/2&Prime; css=\u00a0\u00bb.vc_custom_1530089975080{padding-top: 0px !important;padding-right: 20px !important;padding-bottom: 0px !important;padding-left: 0px !important;}\u00a0\u00bb][mk_padding_divider size=\u00a0\u00bb15&Prime;][vc_column_text el_class=\u00a0\u00bbtekstilaatikko\u00a0\u00bb css=\u00a0\u00bb.vc_custom_1538458921109{margin-bottom: 0px !important;}\u00a0\u00bb]\n<p style=\"text-align: left;\">Le syst\u00e8me de garde-corps COVER est fabriqu\u00e9 en utilisant du verre lamin\u00e9 4+4 mm, mais d\u2019autres types de verres sont utilisables. Le type de verre est s\u00e9lectionn\u00e9 selon les exigences du client et selon les r\u00e8glementations en vigueur.<\/p>\n[\/vc_column_text][\/vc_column][vc_column width=\u00a0\u00bb1\/2&Prime; css=\u00a0\u00bb.vc_custom_1530089966823{padding-top: 0px !important;padding-right: 0px !important;padding-bottom: 0px !important;padding-left: 0px !important;}\u00a0\u00bb][mk_image src=\u00a0\u00bbhttps:\/\/cover.fi\/wp-content\/uploads\/2019\/01\/kaidejarjestelma-01.jpg\u00a0\u00bb image_size=\u00a0\u00bbfull\u00a0\u00bb el_class=\u00a0\u00bbtuotefiilis\u00a0\u00bb][\/vc_column][\/vc_row][vc_row equal_columns=\u00a0\u00bbtrue\u00a0\u00bb attached=\u00a0\u00bbtrue\u00a0\u00bb el_class=\u00a0\u00bbrivi\u00a0\u00bb][vc_column width=\u00a0\u00bb1\/2&Prime;][mk_image src=\u00a0\u00bbhttps:\/\/cover.fi\/wp-content\/uploads\/2019\/01\/kaidejarjestelma-02.jpg\u00a0\u00bb image_size=\u00a0\u00bbfull\u00a0\u00bb el_class=\u00a0\u00bbtuotefiilis\u00a0\u00bb][\/vc_column][vc_column width=\u00a0\u00bb1\/2&Prime; css=\u00a0\u00bb.vc_custom_1530089835274{padding-left: 20px !important;}\u00a0\u00bb][mk_padding_divider size=\u00a0\u00bb15&Prime;][vc_column_text el_class=\u00a0\u00bbtekstilaatikko\u00a0\u00bb css=\u00a0\u00bb.vc_custom_1538458936016{margin-bottom: 0px !important;}\u00a0\u00bb]Le syst\u00e8me de garde-corps COVER peut \u00eatre utilis\u00e9 ind\u00e9pendamment ou en combinaison avec le syst\u00e8me de vitrage sans cadre pour balcon, permettant un rendu visuel \u00e9l\u00e9gant au niveau architectural.[\/vc_column_text][\/vc_column][\/vc_row][vc_row equal_columns=\u00a0\u00bbtrue\u00a0\u00bb attached=\u00a0\u00bbtrue\u00a0\u00bb el_class=\u00a0\u00bbrivi\u00a0\u00bb][vc_column width=\u00a0\u00bb1\/2&Prime; css=\u00a0\u00bb.vc_custom_1530089835274{padding-left: 20px !important;}\u00a0\u00bb][\/vc_column][vc_column width=\u00a0\u00bb1\/2&Prime;][vc_video link=\u00a0\u00bbhttps:\/\/www.youtube.com\/watch?v=7u6w2fsvokg\u00a0\u00bb][mk_padding_divider size=\u00a0\u00bb15&Prime;][\/vc_column][\/vc_row][mk_page_section full_width=\u00a0\u00bbtrue\u00a0\u00bb js_vertical_centered=\u00a0\u00bbtrue\u00a0\u00bb padding_top=\u00a0\u00bb30&Prime; padding_bottom=\u00a0\u00bb0&Prime; top_shape_size=\u00a0\u00bbsmall\u00a0\u00bb top_shape_color=\u00a0\u00bb#ffffff\u00a0\u00bb top_shape_bg_color=\u00a0\u00bb#dd3333&Prime; sidebar=\u00a0\u00bbsidebar-1&Prime;][vc_column][rev_slider_vc alias=\u00a0\u00bbkaidejarjestelma\u00a0\u00bb][\/vc_column][\/mk_page_section]\n<\/div>","protected":false},"excerpt":{"rendered":"<p>[mk_page_section bg_image=\u00a0\u00bbhttps:\/\/cover.fi\/wp-content\/uploads\/2018\/07\/cover_kuva_03.jpg\u00a0\u00bb bg_position=\u00a0\u00bbcenter center\u00a0\u00bb bg_repeat=\u00a0\u00bbno-repeat\u00a0\u00bb bg_stretch=\u00a0\u00bbtrue\u00a0\u00bb enable_3d=\u00a0\u00bbtrue\u00a0\u00bb min_height=\u00a0\u00bb450&Prime; full_width=\u00a0\u00bbtrue\u00a0\u00bb padding_top=\u00a0\u00bb0&Prime; padding_bottom=\u00a0\u00bb40&Prime; sidebar=\u00a0\u00bbsidebar-1&Prime;][vc_column][\/vc_column][\/mk_page_section][vc_row][vc_column width=\u00a0\u00bb1\/6&Prime;][\/vc_column][vc_column width=\u00a0\u00bb2\/3&Prime;][mk_padding_divider][vc_column_text css=\u00a0\u00bb.vc_custom_1538458907121{margin-bottom: 0px !important;}\u00a0\u00bb] Syst\u00e8me de garde-corps L\u2019\u00e9l\u00e9gant syst\u00e8me de garde-corps en aluminium COVER apporte de la s\u00e9curit\u00e9 aux balcons et terrasses. Tout en offrant un design moderne le syst\u00e8me n\u2019alt\u00e8re ni l\u2019aspect de la fa\u00e7ade ni du paysage. [\/vc_column_text][mk_padding_divider][\/vc_column][vc_column width=\u00a0\u00bb1\/6&Prime;][\/vc_column][\/vc_row][vc_row equal_columns=\u00a0\u00bbtrue\u00a0\u00bb [&hellip;]<\/p>\n","protected":false},"author":1,"featured_media":0,"parent":801,"menu_order":0,"comment_status":"closed","ping_status":"closed","template":"","meta":{"footnotes":""},"class_list":["post-818","page","type-page","status-publish","hentry"],"_links":{"self":[{"href":"https:\/\/www.coverlasitus.fi\/fr\/wp-json\/wp\/v2\/pages\/818","targetHints":{"allow":["GET"]}}],"collection":[{"href":"https:\/\/www.coverlasitus.fi\/fr\/wp-json\/wp\/v2\/pages"}],"about":[{"href":"https:\/\/www.coverlasitus.fi\/fr\/wp-json\/wp\/v2\/types\/page"}],"author":[{"embeddable":true,"href":"https:\/\/www.coverlasitus.fi\/fr\/wp-json\/wp\/v2\/users\/1"}],"replies":[{"embeddable":true,"href":"https:\/\/www.coverlasitus.fi\/fr\/wp-json\/wp\/v2\/comments?post=818"}],"version-history":[{"count":0,"href":"https:\/\/www.coverlasitus.fi\/fr\/wp-json\/wp\/v2\/pages\/818\/revisions"}],"up":[{"embeddable":true,"href":"https:\/\/www.coverlasitus.fi\/fr\/wp-json\/wp\/v2\/pages\/801"}],"wp:attachment":[{"href":"https:\/\/www.coverlasitus.fi\/fr\/wp-json\/wp\/v2\/media?parent=818"}],"curies":[{"name":"wp","href":"https:\/\/api.w.org\/{rel}","templated":true}]}}

Système de garde-corps

<div class="wpb-content-wrapper">[mk_page_section bg_image= »https://cover.fi/wp-content/uploads/2018/07/cover_kuva_03.jpg » bg_position= »center center » bg_repeat= »no-repeat » bg_stretch= »true » enable_3d= »true » min_height= »450&Prime; full_width= »true » padding_top= »0&Prime; padding_bottom= »40&Prime; sidebar= »sidebar-1&Prime;][vc_column][/vc_column][/mk_page_section][vc_row][vc_column width= »1/6&Prime;][/vc_column][vc_column width= »2/3&Prime;][mk_padding_divider][vc_column_text css= ».vc_custom_1538458907121{margin-bottom: 0px !important;} »]
<h1 style="text-align: center;">Système de garde-corps</h1>
<h3 style="text-align: center;">L’élégant système de garde-corps en aluminium COVER apporte de la sécurité aux balcons et terrasses. Tout en offrant un design moderne le système n’altère ni l’aspect de la façade ni du paysage.</h3>
[/vc_column_text][mk_padding_divider][/vc_column][vc_column width= »1/6&Prime;][/vc_column][/vc_row][vc_row equal_columns= »true » attached= »true » css= ».vc_custom_1530091442087{margin-bottom: 0px !important;border-bottom-width: 0px !important;padding-bottom: 0px !important;} » el_class= »rivi »][vc_column width= »1/2&Prime; css= ».vc_custom_1530089975080{padding-top: 0px !important;padding-right: 20px !important;padding-bottom: 0px !important;padding-left: 0px !important;} »][mk_padding_divider size= »15&Prime;][vc_column_text el_class= »tekstilaatikko » css= ».vc_custom_1538458921109{margin-bottom: 0px !important;} »]
<p style="text-align: left;">Le système de garde-corps COVER est fabriqué en utilisant du verre laminé 4+4 mm, mais d’autres types de verres sont utilisables. Le type de verre est sélectionné selon les exigences du client et selon les règlementations en vigueur.</p>
[/vc_column_text][/vc_column][vc_column width= »1/2&Prime; css= ».vc_custom_1530089966823{padding-top: 0px !important;padding-right: 0px !important;padding-bottom: 0px !important;padding-left: 0px !important;} »][mk_image src= »https://cover.fi/wp-content/uploads/2019/01/kaidejarjestelma-01.jpg » image_size= »full » el_class= »tuotefiilis »][/vc_column][/vc_row][vc_row equal_columns= »true » attached= »true » el_class= »rivi »][vc_column width= »1/2&Prime;][mk_image src= »https://cover.fi/wp-content/uploads/2019/01/kaidejarjestelma-02.jpg » image_size= »full » el_class= »tuotefiilis »][/vc_column][vc_column width= »1/2&Prime; css= ».vc_custom_1530089835274{padding-left: 20px !important;} »][mk_padding_divider size= »15&Prime;][vc_column_text el_class= »tekstilaatikko » css= ».vc_custom_1538458936016{margin-bottom: 0px !important;} »]Le système de garde-corps COVER peut être utilisé indépendamment ou en combinaison avec le système de vitrage sans cadre pour balcon, permettant un rendu visuel élégant au niveau architectural.[/vc_column_text][/vc_column][/vc_row][vc_row equal_columns= »true » attached= »true » el_class= »rivi »][vc_column width= »1/2&Prime; css= ».vc_custom_1530089835274{padding-left: 20px !important;} »][/vc_column][vc_column width= »1/2&Prime;][vc_video link= »https://www.youtube.com/watch?v=7u6w2fsvokg »][mk_padding_divider size= »15&Prime;][/vc_column][/vc_row][mk_page_section full_width= »true » js_vertical_centered= »true » padding_top= »30&Prime; padding_bottom= »0&Prime; top_shape_size= »small » top_shape_color= »#ffffff » top_shape_bg_color= »#dd3333&Prime; sidebar= »sidebar-1&Prime;][vc_column][rev_slider_vc alias= »kaidejarjestelma »][/vc_column][/mk_page_section]
</div>

<p>[mk_page_section bg_image= »https://cover.fi/wp-content/uploads/2018/07/cover_kuva_03.jpg » bg_position= »center center » bg_repeat= »no-repeat » bg_stretch= »true » enable_3d= »true » min_height= »450&Prime; full_width= »true » padding_top= »0&Prime; padding_bottom= »40&Prime; sidebar= »sidebar-1&Prime;][vc_column][/vc_column][/mk_page_section][vc_row][vc_column width= »1/6&Prime;][/vc_column][vc_column width= »2/3&Prime;][mk_padding_divider][vc_column_text css= ».vc_custom_1538458907121{margin-bottom: 0px !important;} »] Système de garde-corps L’élégant système de garde-corps en aluminium COVER apporte de la sécurité aux balcons et terrasses. Tout en offrant un design moderne le système n’altère ni l’aspect de la façade ni du paysage. [/vc_column_text][mk_padding_divider][/vc_column][vc_column width= »1/6&Prime;][/vc_column][/vc_row][vc_row equal_columns= »true » [&hellip;]</p>
