{"id":804,"date":"2018-10-02T08:33:27","date_gmt":"2018-10-02T05:33:27","guid":{"rendered":"http:\/\/cover.fi\/?page_id=804"},"modified":"2019-07-05T09:50:46","modified_gmt":"2019-07-05T06:50:46","slug":"vitrage-pour-terrasse","status":"publish","type":"page","link":"https:\/\/www.coverlasitus.fi\/fr\/produits\/vitrage-pour-terrasse\/","title":{"rendered":"Vitrage pour terrasse"},"content":{"rendered":"<div class=\"wpb-content-wrapper\">[mk_page_section bg_image=\u00a0\u00bbhttps:\/\/cover.fi\/wp-content\/uploads\/2018\/07\/coverglobal-terassilasitus-kuva.jpg\u00a0\u00bb bg_position=\u00a0\u00bbcenter center\u00a0\u00bb bg_repeat=\u00a0\u00bbno-repeat\u00a0\u00bb bg_stretch=\u00a0\u00bbtrue\u00a0\u00bb enable_3d=\u00a0\u00bbtrue\u00a0\u00bb min_height=\u00a0\u00bb450&Prime; full_width=\u00a0\u00bbtrue\u00a0\u00bb padding_top=\u00a0\u00bb0&Prime; padding_bottom=\u00a0\u00bb40&Prime; sidebar=\u00a0\u00bbsidebar-1&Prime;][vc_column][\/vc_column][\/mk_page_section][vc_row][vc_column width=\u00a0\u00bb1\/6&Prime;][\/vc_column][vc_column width=\u00a0\u00bb2\/3&Prime;][mk_padding_divider][vc_column_text css=\u00a0\u00bb.vc_custom_1538458373107{margin-bottom: 0px !important;}\u00a0\u00bb]\n<h1 style=\"text-align: center;\">Vitrage pour terrasse<\/h1>\n<h3 style=\"text-align: center;\">Profitez pleinement de votre maison! Le syst\u00e8me de vitrage sans cadre pour terrasse COVER offre un espace multifonctionnel additionnel pour votre maison, tout au long de l\u2019ann\u00e9e. Les vitrages sont adapt\u00e9s pour tout type de terrasse. Concevez un lieu convivial, un espace agr\u00e9able de jeu pour les enfants, ou un espace de relaxation pour vous-m\u00eame.Le vitrage n\u2019alt\u00e8re en rien la vue offerte depuis votre terrasse. En position ouverte il vous permet de profiter pleinement du beau temps et en position ferm\u00e9e ou partiellement ferm\u00e9e de vous prot\u00e9ger au mieux contre les intemp\u00e9ries. Il est facile \u00e0 manier et \u00e0 nettoyer. Les vitrages sont r\u00e9sistants aux chocs et aux intemp\u00e9ries et vous offrent un espace suppl\u00e9mentaire tout au long de l\u2019ann\u00e9e.<\/h3>\n[\/vc_column_text][mk_padding_divider][\/vc_column][vc_column width=\u00a0\u00bb1\/6&Prime;][\/vc_column][\/vc_row][vc_row equal_columns=\u00a0\u00bbtrue\u00a0\u00bb attached=\u00a0\u00bbtrue\u00a0\u00bb css=\u00a0\u00bb.vc_custom_1530091442087{margin-bottom: 0px !important;border-bottom-width: 0px !important;padding-bottom: 0px !important;}\u00a0\u00bb el_class=\u00a0\u00bbrivi\u00a0\u00bb][vc_column width=\u00a0\u00bb1\/2&Prime; css=\u00a0\u00bb.vc_custom_1530089966823{padding-top: 0px !important;padding-right: 0px !important;padding-bottom: 0px !important;padding-left: 0px !important;}\u00a0\u00bb][mk_image src=\u00a0\u00bbhttps:\/\/cover.fi\/wp-content\/uploads\/2019\/01\/terassilasitus-01-1.jpg\u00a0\u00bb image_size=\u00a0\u00bbfull\u00a0\u00bb el_class=\u00a0\u00bbtuotefiilis\u00a0\u00bb][\/vc_column][vc_column width=\u00a0\u00bb1\/2&Prime; css=\u00a0\u00bb.vc_custom_1530089975080{padding-top: 0px !important;padding-right: 20px !important;padding-bottom: 0px !important;padding-left: 0px !important;}\u00a0\u00bb][mk_padding_divider size=\u00a0\u00bb15&Prime;][vc_column_text el_class=\u00a0\u00bbtekstilaatikko\u00a0\u00bb css=\u00a0\u00bb.vc_custom_1538458393249{margin-bottom: 0px !important;}\u00a0\u00bb]\n<p style=\"text-align: left;\">Le fonctionnement et l\u2019apparence des vitrages pour terrasse sont similaires aux vitrages pour balcon. Les vitrages pour terrasse ont cependant, de mani\u00e8re g\u00e9n\u00e9rale, une surface plus grande et un poids par m\u00e8tre carr\u00e9 sup\u00e9rieur, ce qui leurs conf\u00e8rent une r\u00e9sistance plus \u00e9lev\u00e9e. Les caract\u00e9ristiques techniques du vitrage sans cadre pour terrasse Cover lui permettent de r\u00e9sister efficacement aux rafales de vent et autres conditions climatiques. Les roulements \u00e0 billes sp\u00e9cifiques permettent \u00e9galement un maniement ais\u00e9 des vitrages.<\/p>\n[\/vc_column_text][\/vc_column][\/vc_row][vc_row equal_columns=\u00a0\u00bbtrue\u00a0\u00bb attached=\u00a0\u00bbtrue\u00a0\u00bb el_class=\u00a0\u00bbrivi\u00a0\u00bb][vc_column width=\u00a0\u00bb1\/2&Prime; css=\u00a0\u00bb.vc_custom_1530089835274{padding-left: 20px !important;}\u00a0\u00bb][mk_padding_divider size=\u00a0\u00bb15&Prime;][vc_column_text el_class=\u00a0\u00bbtekstilaatikko\u00a0\u00bb css=\u00a0\u00bb.vc_custom_1538458404414{margin-bottom: 0px !important;}\u00a0\u00bb]Le syst\u00e8me de vitrage COVER offre aux terrasses un aspect fini, tout en prot\u00e9geant les structures et les meubles. Les vitrages apportent une plus-value aux maisons tout en augmentant l\u2019espace de vie et le confort. Plusieurs types de verrous sont disponibles pour les vitrages pour terrasse, selon les souhaits et exigences des clients. Par temps ensoleill\u00e9, les vitrages peuvent \u00eatre ouverts ais\u00e9ment, partiellement ou compl\u00e8tement. En cas de pluie ou de vent, les vitrages peuvent \u00eatre referm\u00e9s rapidement. Les vitrages prot\u00e8gent les fournitures de la terrasse et diminuent les besoins d\u2019entretien et de nettoyage. En plus, ils repr\u00e9sentent un moyen efficace contre les infractions.<\/p>\n<p>Le syst\u00e8me de vitrage sans cadre pour terrasse COVER est approuv\u00e9 techniquement au niveau europ\u00e9en, ce qui lui conf\u00e8re le droit d\u2019utiliser le certificat CE.[\/vc_column_text][\/vc_column][vc_column width=\u00a0\u00bb1\/2&Prime;][mk_image src=\u00a0\u00bbhttps:\/\/cover.fi\/wp-content\/uploads\/2018\/07\/terrace053.jpg\u00a0\u00bb image_size=\u00a0\u00bbfull\u00a0\u00bb el_class=\u00a0\u00bbtuotefiilis\u00a0\u00bb][\/vc_column][\/vc_row][vc_row equal_columns=\u00a0\u00bbtrue\u00a0\u00bb attached=\u00a0\u00bbtrue\u00a0\u00bb css=\u00a0\u00bb.vc_custom_1530091442087{margin-bottom: 0px !important;border-bottom-width: 0px !important;padding-bottom: 0px !important;}\u00a0\u00bb el_class=\u00a0\u00bbrivi\u00a0\u00bb][vc_column width=\u00a0\u00bb1\/2&Prime; css=\u00a0\u00bb.vc_custom_1530089966823{padding-top: 0px !important;padding-right: 0px !important;padding-bottom: 0px !important;padding-left: 0px !important;}\u00a0\u00bb][vc_video link=\u00a0\u00bbhttps:\/\/www.youtube.com\/watch?v=EEH_EZkpjCo\u00a0\u00bb][mk_padding_divider size=\u00a0\u00bb10&Prime; visibility=\u00a0\u00bbhidden-sm\u00a0\u00bb][\/vc_column][vc_column width=\u00a0\u00bb1\/2&Prime; css=\u00a0\u00bb.vc_custom_1530089975080{padding-top: 0px !important;padding-right: 20px !important;padding-bottom: 0px !important;padding-left: 0px !important;}\u00a0\u00bb][\/vc_column][\/vc_row][mk_page_section full_width=\u00a0\u00bbtrue\u00a0\u00bb js_vertical_centered=\u00a0\u00bbtrue\u00a0\u00bb padding_top=\u00a0\u00bb30&Prime; padding_bottom=\u00a0\u00bb0&Prime; top_shape_size=\u00a0\u00bbsmall\u00a0\u00bb top_shape_color=\u00a0\u00bb#ffffff\u00a0\u00bb top_shape_bg_color=\u00a0\u00bb#dd3333&Prime; sidebar=\u00a0\u00bbsidebar-1&Prime;][vc_column][rev_slider_vc alias=\u00a0\u00bbterassilasitus\u00a0\u00bb][\/vc_column][\/mk_page_section]\n<\/div>","protected":false},"excerpt":{"rendered":"<p>[mk_page_section bg_image=\u00a0\u00bbhttps:\/\/cover.fi\/wp-content\/uploads\/2018\/07\/coverglobal-terassilasitus-kuva.jpg\u00a0\u00bb bg_position=\u00a0\u00bbcenter center\u00a0\u00bb bg_repeat=\u00a0\u00bbno-repeat\u00a0\u00bb bg_stretch=\u00a0\u00bbtrue\u00a0\u00bb enable_3d=\u00a0\u00bbtrue\u00a0\u00bb min_height=\u00a0\u00bb450&Prime; full_width=\u00a0\u00bbtrue\u00a0\u00bb padding_top=\u00a0\u00bb0&Prime; padding_bottom=\u00a0\u00bb40&Prime; sidebar=\u00a0\u00bbsidebar-1&Prime;][vc_column][\/vc_column][\/mk_page_section][vc_row][vc_column width=\u00a0\u00bb1\/6&Prime;][\/vc_column][vc_column width=\u00a0\u00bb2\/3&Prime;][mk_padding_divider][vc_column_text css=\u00a0\u00bb.vc_custom_1538458373107{margin-bottom: 0px !important;}\u00a0\u00bb] Vitrage pour terrasse Profitez pleinement de votre maison! Le syst\u00e8me de vitrage sans cadre pour terrasse COVER offre un espace multifonctionnel additionnel pour votre maison, tout au long de l\u2019ann\u00e9e. Les vitrages sont adapt\u00e9s pour tout type de [&hellip;]<\/p>\n","protected":false},"author":1,"featured_media":0,"parent":801,"menu_order":0,"comment_status":"closed","ping_status":"closed","template":"","meta":{"footnotes":""},"class_list":["post-804","page","type-page","status-publish","hentry"],"_links":{"self":[{"href":"https:\/\/www.coverlasitus.fi\/fr\/wp-json\/wp\/v2\/pages\/804","targetHints":{"allow":["GET"]}}],"collection":[{"href":"https:\/\/www.coverlasitus.fi\/fr\/wp-json\/wp\/v2\/pages"}],"about":[{"href":"https:\/\/www.coverlasitus.fi\/fr\/wp-json\/wp\/v2\/types\/page"}],"author":[{"embeddable":true,"href":"https:\/\/www.coverlasitus.fi\/fr\/wp-json\/wp\/v2\/users\/1"}],"replies":[{"embeddable":true,"href":"https:\/\/www.coverlasitus.fi\/fr\/wp-json\/wp\/v2\/comments?post=804"}],"version-history":[{"count":0,"href":"https:\/\/www.coverlasitus.fi\/fr\/wp-json\/wp\/v2\/pages\/804\/revisions"}],"up":[{"embeddable":true,"href":"https:\/\/www.coverlasitus.fi\/fr\/wp-json\/wp\/v2\/pages\/801"}],"wp:attachment":[{"href":"https:\/\/www.coverlasitus.fi\/fr\/wp-json\/wp\/v2\/media?parent=804"}],"curies":[{"name":"wp","href":"https:\/\/api.w.org\/{rel}","templated":true}]}}

<div class="wpb-content-wrapper">[mk_page_section bg_image= »https://cover.fi/wp-content/uploads/2018/07/coverglobal-terassilasitus-kuva.jpg » bg_position= »center center » bg_repeat= »no-repeat » bg_stretch= »true » enable_3d= »true » min_height= »450&Prime; full_width= »true » padding_top= »0&Prime; padding_bottom= »40&Prime; sidebar= »sidebar-1&Prime;][vc_column][/vc_column][/mk_page_section][vc_row][vc_column width= »1/6&Prime;][/vc_column][vc_column width= »2/3&Prime;][mk_padding_divider][vc_column_text css= ».vc_custom_1538458373107{margin-bottom: 0px !important;} »]
<h1 style="text-align: center;">Vitrage pour terrasse</h1>
<h3 style="text-align: center;">Profitez pleinement de votre maison! Le système de vitrage sans cadre pour terrasse COVER offre un espace multifonctionnel additionnel pour votre maison, tout au long de l’année. Les vitrages sont adaptés pour tout type de terrasse. Concevez un lieu convivial, un espace agréable de jeu pour les enfants, ou un espace de relaxation pour vous-même.Le vitrage n’altère en rien la vue offerte depuis votre terrasse. En position ouverte il vous permet de profiter pleinement du beau temps et en position fermée ou partiellement fermée de vous protéger au mieux contre les intempéries. Il est facile à manier et à nettoyer. Les vitrages sont résistants aux chocs et aux intempéries et vous offrent un espace supplémentaire tout au long de l’année.</h3>
[/vc_column_text][mk_padding_divider][/vc_column][vc_column width= »1/6&Prime;][/vc_column][/vc_row][vc_row equal_columns= »true » attached= »true » css= ».vc_custom_1530091442087{margin-bottom: 0px !important;border-bottom-width: 0px !important;padding-bottom: 0px !important;} » el_class= »rivi »][vc_column width= »1/2&Prime; css= ».vc_custom_1530089966823{padding-top: 0px !important;padding-right: 0px !important;padding-bottom: 0px !important;padding-left: 0px !important;} »][mk_image src= »https://cover.fi/wp-content/uploads/2019/01/terassilasitus-01-1.jpg » image_size= »full » el_class= »tuotefiilis »][/vc_column][vc_column width= »1/2&Prime; css= ».vc_custom_1530089975080{padding-top: 0px !important;padding-right: 20px !important;padding-bottom: 0px !important;padding-left: 0px !important;} »][mk_padding_divider size= »15&Prime;][vc_column_text el_class= »tekstilaatikko » css= ».vc_custom_1538458393249{margin-bottom: 0px !important;} »]
<p style="text-align: left;">Le fonctionnement et l’apparence des vitrages pour terrasse sont similaires aux vitrages pour balcon. Les vitrages pour terrasse ont cependant, de manière générale, une surface plus grande et un poids par mètre carré supérieur, ce qui leurs confèrent une résistance plus élevée. Les caractéristiques techniques du vitrage sans cadre pour terrasse Cover lui permettent de résister efficacement aux rafales de vent et autres conditions climatiques. Les roulements à billes spécifiques permettent également un maniement aisé des vitrages.</p>
[/vc_column_text][/vc_column][/vc_row][vc_row equal_columns= »true » attached= »true » el_class= »rivi »][vc_column width= »1/2&Prime; css= ».vc_custom_1530089835274{padding-left: 20px !important;} »][mk_padding_divider size= »15&Prime;][vc_column_text el_class= »tekstilaatikko » css= ».vc_custom_1538458404414{margin-bottom: 0px !important;} »]Le système de vitrage COVER offre aux terrasses un aspect fini, tout en protégeant les structures et les meubles. Les vitrages apportent une plus-value aux maisons tout en augmentant l’espace de vie et le confort. Plusieurs types de verrous sont disponibles pour les vitrages pour terrasse, selon les souhaits et exigences des clients. Par temps ensoleillé, les vitrages peuvent être ouverts aisément, partiellement ou complètement. En cas de pluie ou de vent, les vitrages peuvent être refermés rapidement. Les vitrages protègent les fournitures de la terrasse et diminuent les besoins d’entretien et de nettoyage. En plus, ils représentent un moyen efficace contre les infractions.</p>
<p>Le système de vitrage sans cadre pour terrasse COVER est approuvé techniquement au niveau européen, ce qui lui confère le droit d’utiliser le certificat CE.[/vc_column_text][/vc_column][vc_column width= »1/2&Prime;][mk_image src= »https://cover.fi/wp-content/uploads/2018/07/terrace053.jpg » image_size= »full » el_class= »tuotefiilis »][/vc_column][/vc_row][vc_row equal_columns= »true » attached= »true » css= ».vc_custom_1530091442087{margin-bottom: 0px !important;border-bottom-width: 0px !important;padding-bottom: 0px !important;} » el_class= »rivi »][vc_column width= »1/2&Prime; css= ».vc_custom_1530089966823{padding-top: 0px !important;padding-right: 0px !important;padding-bottom: 0px !important;padding-left: 0px !important;} »][vc_video link= »https://www.youtube.com/watch?v=EEH_EZkpjCo »][mk_padding_divider size= »10&Prime; visibility= »hidden-sm »][/vc_column][vc_column width= »1/2&Prime; css= ».vc_custom_1530089975080{padding-top: 0px !important;padding-right: 20px !important;padding-bottom: 0px !important;padding-left: 0px !important;} »][/vc_column][/vc_row][mk_page_section full_width= »true » js_vertical_centered= »true » padding_top= »30&Prime; padding_bottom= »0&Prime; top_shape_size= »small » top_shape_color= »#ffffff » top_shape_bg_color= »#dd3333&Prime; sidebar= »sidebar-1&Prime;][vc_column][rev_slider_vc alias= »terassilasitus »][/vc_column][/mk_page_section]
</div>

<p>[mk_page_section bg_image= »https://cover.fi/wp-content/uploads/2018/07/coverglobal-terassilasitus-kuva.jpg » bg_position= »center center » bg_repeat= »no-repeat » bg_stretch= »true » enable_3d= »true » min_height= »450&Prime; full_width= »true » padding_top= »0&Prime; padding_bottom= »40&Prime; sidebar= »sidebar-1&Prime;][vc_column][/vc_column][/mk_page_section][vc_row][vc_column width= »1/6&Prime;][/vc_column][vc_column width= »2/3&Prime;][mk_padding_divider][vc_column_text css= ».vc_custom_1538458373107{margin-bottom: 0px !important;} »] Vitrage pour terrasse Profitez pleinement de votre maison! Le système de vitrage sans cadre pour terrasse COVER offre un espace multifonctionnel additionnel pour votre maison, tout au long de l’année. Les vitrages sont adaptés pour tout type de [&hellip;]</p>
